{"id":670,"date":"2026-04-09T13:29:46","date_gmt":"2026-04-09T13:29:46","guid":{"rendered":"https:\/\/cetem.net.br\/codificacao\/?page_id=670"},"modified":"2026-04-17T01:10:45","modified_gmt":"2026-04-17T01:10:45","slug":"consumiveis-codificacao","status":"publish","type":"page","link":"https:\/\/cetem.net.br\/codificacao\/consumiveis-codificacao\/","title":{"rendered":"Consum\u00edveis Codifica\u00e7\u00e3o"},"content":{"rendered":"\t\t<div data-elementor-type=\"wp-page\" data-elementor-id=\"670\" class=\"elementor elementor-670\" data-elementor-post-type=\"page\">\n\t\t\t\t<div class=\"elementor-element elementor-element-1c1d028 e-flex e-con-boxed e-con e-parent\" data-id=\"1c1d028\" data-element_type=\"container\" data-e-type=\"container\">\n\t\t\t\t\t<div class=\"e-con-inner\">\n\t\t\t\t<div class=\"elementor-element elementor-element-bb034ae elementor-widget elementor-widget-spacer\" data-id=\"bb034ae\" data-element_type=\"widget\" data-e-type=\"widget\" data-widget_type=\"spacer.default\">\n\t\t\t\t\t\t\t<div class=\"elementor-spacer\">\n\t\t\t<div class=\"elementor-spacer-inner\"><\/div>\n\t\t<\/div>\n\t\t\t\t\t\t<\/div>\n\t\t\t\t\t<\/div>\n\t\t\t\t<\/div>\n\t\t<div class=\"elementor-element elementor-element-4d1936b e-flex e-con-boxed e-con e-parent\" data-id=\"4d1936b\" data-element_type=\"container\" data-e-type=\"container\">\n\t\t\t\t\t<div class=\"e-con-inner\">\n\t\t<div class=\"elementor-element elementor-element-ce5aff4 e-con-full e-flex e-con e-child\" data-id=\"ce5aff4\" data-element_type=\"container\" data-e-type=\"container\">\n\t\t\t\t<div class=\"elementor-element elementor-element-4f87e4e elementor-widget elementor-widget-image\" data-id=\"4f87e4e\" data-element_type=\"widget\" data-e-type=\"widget\" data-widget_type=\"image.default\">\n\t\t\t\t\t\t\t\t\t\t\t\t\t\t\t<img fetchpriority=\"high\" decoding=\"async\" width=\"800\" height=\"800\" src=\"https:\/\/cetem.net.br\/codificacao\/wp-content\/uploads\/2026\/04\/TINTA-2.jpg\" class=\"attachment-large size-large wp-image-673\" alt=\"\" srcset=\"https:\/\/cetem.net.br\/codificacao\/wp-content\/uploads\/2026\/04\/TINTA-2.jpg 850w, https:\/\/cetem.net.br\/codificacao\/wp-content\/uploads\/2026\/04\/TINTA-2-300x300.jpg 300w, https:\/\/cetem.net.br\/codificacao\/wp-content\/uploads\/2026\/04\/TINTA-2-150x150.jpg 150w, https:\/\/cetem.net.br\/codificacao\/wp-content\/uploads\/2026\/04\/TINTA-2-768x768.jpg 768w\" sizes=\"(max-width: 800px) 100vw, 800px\" \/>\t\t\t\t\t\t\t\t\t\t\t\t\t\t\t<\/div>\n\t\t\t\t<div class=\"elementor-element elementor-element-d7ffc15 elementor-widget elementor-widget-heading\" data-id=\"d7ffc15\" data-element_type=\"widget\" data-e-type=\"widget\" data-widget_type=\"heading.default\">\n\t\t\t\t\t<h2 class=\"elementor-heading-title elementor-size-default\">Diluente Videojet<\/h2>\t\t\t\t<\/div>\n\t\t\t\t<div class=\"elementor-element elementor-element-63174d2 elementor-widget elementor-widget-text-editor\" data-id=\"63174d2\" data-element_type=\"widget\" data-e-type=\"widget\" data-widget_type=\"text-editor.default\">\n\t\t\t\t\t\t\t\t\t<p data-start=\"161\" data-end=\"467\">O diluente Videojet \u00e9 desenvolvido e fabricado de forma consciente para maximizar o contraste, a ader\u00eancia e o uptime, enquanto atendem aos requisitos ambientais, normativos e de seguran\u00e7a. Cada lote \u00e9 testado para garantir o cumprimento das especifica\u00e7\u00f5es r\u00edgidas de controle de qualidade.<\/p>\t\t\t\t\t\t\t\t<\/div>\n\t\t\t\t<\/div>\n\t\t<div class=\"elementor-element elementor-element-59c85b0 e-con-full e-flex e-con e-child\" data-id=\"59c85b0\" data-element_type=\"container\" data-e-type=\"container\">\n\t\t\t\t<div class=\"elementor-element elementor-element-ab43497 elementor-widget elementor-widget-image\" data-id=\"ab43497\" data-element_type=\"widget\" data-e-type=\"widget\" data-widget_type=\"image.default\">\n\t\t\t\t\t\t\t\t\t\t\t\t\t\t\t<img decoding=\"async\" width=\"800\" height=\"800\" src=\"https:\/\/cetem.net.br\/codificacao\/wp-content\/uploads\/2026\/04\/Ribbon-datadora-termotransferencia.png\" class=\"attachment-large size-large wp-image-674\" alt=\"\" srcset=\"https:\/\/cetem.net.br\/codificacao\/wp-content\/uploads\/2026\/04\/Ribbon-datadora-termotransferencia.png 850w, https:\/\/cetem.net.br\/codificacao\/wp-content\/uploads\/2026\/04\/Ribbon-datadora-termotransferencia-300x300.png 300w, https:\/\/cetem.net.br\/codificacao\/wp-content\/uploads\/2026\/04\/Ribbon-datadora-termotransferencia-150x150.png 150w, https:\/\/cetem.net.br\/codificacao\/wp-content\/uploads\/2026\/04\/Ribbon-datadora-termotransferencia-768x768.png 768w\" sizes=\"(max-width: 800px) 100vw, 800px\" \/>\t\t\t\t\t\t\t\t\t\t\t\t\t\t\t<\/div>\n\t\t\t\t<div class=\"elementor-element elementor-element-d9020f0 elementor-widget elementor-widget-heading\" data-id=\"d9020f0\" data-element_type=\"widget\" data-e-type=\"widget\" data-widget_type=\"heading.default\">\n\t\t\t\t\t<h2 class=\"elementor-heading-title elementor-size-default\">Ribbon Videojet<\/h2>\t\t\t\t<\/div>\n\t\t\t\t<div class=\"elementor-element elementor-element-171101d elementor-widget elementor-widget-text-editor\" data-id=\"171101d\" data-element_type=\"widget\" data-e-type=\"widget\" data-widget_type=\"text-editor.default\">\n\t\t\t\t\t\t\t\t\t<p data-start=\"161\" data-end=\"467\">Os ribbons de transfer\u00eancia t\u00e9rmica s\u00e3o essenciais para garantir qualidade de impress\u00e3o e durabilidade do equipamento. Com tecnologia avan\u00e7ada de revestimento, oferecem excelente transfer\u00eancia de tinta, protegem o cabe\u00e7ote de impress\u00e3o e aumentam sua vida \u00fatil, al\u00e9m de reduzir a carga est\u00e1tica durante o processo.<\/p>\t\t\t\t\t\t\t\t<\/div>\n\t\t\t\t<\/div>\n\t\t<div class=\"elementor-element elementor-element-d6bbb47 e-con-full e-flex e-con e-child\" data-id=\"d6bbb47\" data-element_type=\"container\" data-e-type=\"container\">\n\t\t\t\t<div class=\"elementor-element elementor-element-392d1bc elementor-widget elementor-widget-image\" data-id=\"392d1bc\" data-element_type=\"widget\" data-e-type=\"widget\" data-widget_type=\"image.default\">\n\t\t\t\t\t\t\t\t\t\t\t\t\t\t\t<img decoding=\"async\" width=\"800\" height=\"800\" src=\"https:\/\/cetem.net.br\/codificacao\/wp-content\/uploads\/2026\/04\/solucao_de-_limpeza_datadora_videojet_1.jpg\" class=\"attachment-large size-large wp-image-675\" alt=\"\" srcset=\"https:\/\/cetem.net.br\/codificacao\/wp-content\/uploads\/2026\/04\/solucao_de-_limpeza_datadora_videojet_1.jpg 850w, https:\/\/cetem.net.br\/codificacao\/wp-content\/uploads\/2026\/04\/solucao_de-_limpeza_datadora_videojet_1-300x300.jpg 300w, https:\/\/cetem.net.br\/codificacao\/wp-content\/uploads\/2026\/04\/solucao_de-_limpeza_datadora_videojet_1-150x150.jpg 150w, https:\/\/cetem.net.br\/codificacao\/wp-content\/uploads\/2026\/04\/solucao_de-_limpeza_datadora_videojet_1-768x768.jpg 768w\" sizes=\"(max-width: 800px) 100vw, 800px\" \/>\t\t\t\t\t\t\t\t\t\t\t\t\t\t\t<\/div>\n\t\t\t\t<div class=\"elementor-element elementor-element-f02026a elementor-widget elementor-widget-heading\" data-id=\"f02026a\" data-element_type=\"widget\" data-e-type=\"widget\" data-widget_type=\"heading.default\">\n\t\t\t\t\t<h2 class=\"elementor-heading-title elementor-size-default\">Solu\u00e7\u00e3o de limpeza Videojet V901-Q<\/h2>\t\t\t\t<\/div>\n\t\t\t\t<div class=\"elementor-element elementor-element-90694a0 elementor-widget elementor-widget-text-editor\" data-id=\"90694a0\" data-element_type=\"widget\" data-e-type=\"widget\" data-widget_type=\"text-editor.default\">\n\t\t\t\t\t\t\t\t\t<p data-start=\"161\" data-end=\"467\">A solu\u00e7\u00e3o de limpeza Videojet V901-Q, destina-se \u00e0 manuten\u00e7\u00e3o de opera\u00e7\u00e3o dos canh\u00f5es de tinta das datadoras jato de tinta cont\u00ednuo realizando uma limpeza de forma profunda sem danificar o equipamento e garantindo que n\u00e3o haja ac\u00famulos de tinta e problemas nas impress\u00f5es ao longo do tempo.<\/p>\t\t\t\t\t\t\t\t<\/div>\n\t\t\t\t<\/div>\n\t\t\t\t\t<\/div>\n\t\t\t\t<\/div>\n\t\t<div class=\"elementor-element elementor-element-d283858 e-flex e-con-boxed e-con e-parent\" data-id=\"d283858\" data-element_type=\"container\" data-e-type=\"container\">\n\t\t\t\t\t<div class=\"e-con-inner\">\n\t\t<div class=\"elementor-element elementor-element-180aba6 e-con-full e-flex e-con e-child\" data-id=\"180aba6\" data-element_type=\"container\" data-e-type=\"container\">\n\t\t\t\t<div class=\"elementor-element elementor-element-f58d2ba elementor-widget elementor-widget-image\" data-id=\"f58d2ba\" data-element_type=\"widget\" data-e-type=\"widget\" data-widget_type=\"image.default\">\n\t\t\t\t\t\t\t\t\t\t\t\t\t\t\t<img loading=\"lazy\" decoding=\"async\" width=\"800\" height=\"800\" src=\"https:\/\/cetem.net.br\/codificacao\/wp-content\/uploads\/2026\/04\/TINTA-1.jpg\" class=\"attachment-large size-large wp-image-676\" alt=\"\" srcset=\"https:\/\/cetem.net.br\/codificacao\/wp-content\/uploads\/2026\/04\/TINTA-1.jpg 850w, https:\/\/cetem.net.br\/codificacao\/wp-content\/uploads\/2026\/04\/TINTA-1-300x300.jpg 300w, https:\/\/cetem.net.br\/codificacao\/wp-content\/uploads\/2026\/04\/TINTA-1-150x150.jpg 150w, https:\/\/cetem.net.br\/codificacao\/wp-content\/uploads\/2026\/04\/TINTA-1-768x768.jpg 768w\" sizes=\"(max-width: 800px) 100vw, 800px\" \/>\t\t\t\t\t\t\t\t\t\t\t\t\t\t\t<\/div>\n\t\t\t\t<div class=\"elementor-element elementor-element-28bf494 elementor-widget elementor-widget-heading\" data-id=\"28bf494\" data-element_type=\"widget\" data-e-type=\"widget\" data-widget_type=\"heading.default\">\n\t\t\t\t\t<h2 class=\"elementor-heading-title elementor-size-default\">Tintas para jato de tinta cont\u00ednuo\n<\/h2>\t\t\t\t<\/div>\n\t\t\t\t<div class=\"elementor-element elementor-element-93e3c14 elementor-widget elementor-widget-text-editor\" data-id=\"93e3c14\" data-element_type=\"widget\" data-e-type=\"widget\" data-widget_type=\"text-editor.default\">\n\t\t\t\t\t\t\t\t\t<p>Com mais de 340 tipos de tintas, a Videojet \u00e9 o parceiro ideal para ajud\u00e1-lo a encontrar a tinta ideal para sua aplica\u00e7\u00e3o.<\/p><p>Al\u00e9m da nossa ampla linha de tintas para fins gerais, a Videojet conta com um portf\u00f3lio de tintas de alto desempenho para atender as necessidades da sua aplica\u00e7\u00e3o.<\/p>\t\t\t\t\t\t\t\t<\/div>\n\t\t\t\t<\/div>\n\t\t<div class=\"elementor-element elementor-element-70e5063 e-con-full e-flex e-con e-child\" data-id=\"70e5063\" data-element_type=\"container\" data-e-type=\"container\">\n\t\t\t\t<\/div>\n\t\t<div class=\"elementor-element elementor-element-889e1ad e-con-full e-flex e-con e-child\" data-id=\"889e1ad\" data-element_type=\"container\" data-e-type=\"container\">\n\t\t\t\t<\/div>\n\t\t\t\t\t<\/div>\n\t\t\t\t<\/div>\n\t\t<div class=\"elementor-element elementor-element-b15c591 e-flex e-con-boxed e-con e-parent\" data-id=\"b15c591\" data-element_type=\"container\" data-e-type=\"container\">\n\t\t\t\t\t<div class=\"e-con-inner\">\n\t\t\t\t<div class=\"elementor-element elementor-element-dc32168 elementor-widget elementor-widget-spacer\" data-id=\"dc32168\" data-element_type=\"widget\" data-e-type=\"widget\" data-widget_type=\"spacer.default\">\n\t\t\t\t\t\t\t<div class=\"elementor-spacer\">\n\t\t\t<div class=\"elementor-spacer-inner\"><\/div>\n\t\t<\/div>\n\t\t\t\t\t\t<\/div>\n\t\t\t\t\t<\/div>\n\t\t\t\t<\/div>\n\t\t\t\t<\/div>\n\t\t","protected":false},"excerpt":{"rendered":"<p>Diluente Videojet O diluente Videojet \u00e9 desenvolvido e fabricado de forma consciente para maximizar o contraste, a ader\u00eancia e o uptime, enquanto atendem aos requisitos ambientais, normativos e de seguran\u00e7a. Cada lote \u00e9 testado para garantir o cumprimento das especifica\u00e7\u00f5es r\u00edgidas de controle de qualidade. Ribbon Videojet Os ribbons de transfer\u00eancia t\u00e9rmica s\u00e3o essenciais para [&hellip;]<\/p>\n","protected":false},"author":1,"featured_media":0,"parent":0,"menu_order":0,"comment_status":"closed","ping_status":"closed","template":"","meta":{"inline_featured_image":false,"footnotes":""},"class_list":["post-670","page","type-page","status-publish","hentry"],"_links":{"self":[{"href":"https:\/\/cetem.net.br\/codificacao\/wp-json\/wp\/v2\/pages\/670","targetHints":{"allow":["GET"]}}],"collection":[{"href":"https:\/\/cetem.net.br\/codificacao\/wp-json\/wp\/v2\/pages"}],"about":[{"href":"https:\/\/cetem.net.br\/codificacao\/wp-json\/wp\/v2\/types\/page"}],"author":[{"embeddable":true,"href":"https:\/\/cetem.net.br\/codificacao\/wp-json\/wp\/v2\/users\/1"}],"replies":[{"embeddable":true,"href":"https:\/\/cetem.net.br\/codificacao\/wp-json\/wp\/v2\/comments?post=670"}],"version-history":[{"count":28,"href":"https:\/\/cetem.net.br\/codificacao\/wp-json\/wp\/v2\/pages\/670\/revisions"}],"predecessor-version":[{"id":1180,"href":"https:\/\/cetem.net.br\/codificacao\/wp-json\/wp\/v2\/pages\/670\/revisions\/1180"}],"wp:attachment":[{"href":"https:\/\/cetem.net.br\/codificacao\/wp-json\/wp\/v2\/media?parent=670"}],"curies":[{"name":"wp","href":"https:\/\/api.w.org\/{rel}","templated":true}]}}